{"id":523,"date":"2020-04-13T15:57:02","date_gmt":"2020-04-13T13:57:02","guid":{"rendered":"https:\/\/www.sehlberg.net\/ulla-undrar\/?page_id=523"},"modified":"2020-04-13T16:04:41","modified_gmt":"2020-04-13T14:04:41","slug":"lankar","status":"publish","type":"page","link":"https:\/\/www.sehlberg.net\/ulla-undrar\/lankar\/","title":{"rendered":"L\u00e4nkar"},"content":{"rendered":"\n<div id=\"lankar\" style=\"float: left;\">\n<div style=\"width: 200px; background-color: #f0f0f0; color: gray; padding-left: 5px; margin-right: 5px; border-bottom: 2px solid black;\"><strong>Dagstidningar<\/strong><\/div>\n<ul>\n<li><a href=\"http:\/\/www.kuriren.nu\" target=\"_blank\" rel=\"noopener noreferrer\">Norrbottens Kuriren<\/a><\/li>\n<li><a href=\"http:\/\/www.nsd.se\" target=\"_blank\" rel=\"noopener noreferrer\">NSD<\/a><\/li>\n<li><a href=\"http:\/\/www.vk.se\" target=\"_blank\" rel=\"noopener noreferrer\">V\u00e4sterbottens Kuriren<\/a><\/li>\n<li><a href=\"http:\/\/www.folkbladet.nu\" target=\"_blank\" rel=\"noopener noreferrer\">V\u00e4sterbottens Folkblad<\/a><\/li>\n<li><a href=\"http:\/\/www.aftonbladet.se\/\" target=\"_blank\" rel=\"noopener noreferrer\">Aftonbladet<\/a><\/li>\n<li><a href=\"http:\/\/www.expressen.se\/\" target=\"_blank\" rel=\"noopener noreferrer\">Expressen<\/a><\/li>\n<li><a href=\"http:\/\/www.dn.se\/\" target=\"_blank\" rel=\"noopener noreferrer\">Dagens Nyheter<\/a><\/li>\n<li><a href=\"http:\/\/www.svd.se\/\" target=\"_blank\" rel=\"noopener noreferrer\">Svenska Dagbladet<\/a><\/li>\n<li><a href=\"http:\/\/www.sydsvenskan.se\/\" target=\"_blank\" rel=\"noopener noreferrer\">Sydsvenskan<\/a><\/li>\n<\/ul>\n<div style=\"width: 200px; background-color: #f0f0f0; padding-left: 5px; margin-right: 5px; border-bottom: 2px solid black;\"><strong>Radio och TV<\/strong><\/div>\n<ul>\n<li><a href=\"http:\/\/www.omtv.se\/justnu\/\" target=\"_blank\" rel=\"noopener noreferrer\">P\u00e5 TV just nu<\/a><\/li>\n<li><a href=\"http:\/\/tvprogram.nu\/\" target=\"_blank\" rel=\"noopener noreferrer\">Dagens TV<\/a><\/li>\n<li><a href=\"http:\/\/www.sr.se\" target=\"_blank\" rel=\"noopener noreferrer\">Sveriges Radio<\/a><\/li>\n<li><a href=\"http:\/\/www.svt.se\" target=\"_blank\" rel=\"noopener noreferrer\">Sveriges Television<\/a><\/li>\n<li><a href=\"http:\/\/svtplay.se\/\">SVT Play <\/a><\/li>\n<li><a href=\"http:\/\/www.tv3.se\/play\">TV3 Play <\/a><\/li>\n<li><a href=\"http:\/\/tv4play.se\/\">TV4 Play <\/a><\/li>\n<li><a href=\"http:\/\/www.kanal5play.se\/start\">Kanal 5 <\/a><\/li>\n<li><a href=\"http:\/\/www.tv6play.se\/\">TV6 Play <\/a><\/li>\n<li><a href=\"http:\/\/www.tv8play.se\/\">TV8 Play <\/a><\/li>\n<li><a href=\"http:\/\/www.kanal9play.se\/\">Kanal 9 Play<\/a><\/li>\n<li><a href=\"http:\/\/www.film2home.se\/sv.aspx\">Film 2 Home <\/a><\/li>\n<li><a href=\"http:\/\/sfanytime.com\/\">SF anytime <\/a><\/li>\n<li><a href=\"http:\/\/www.headweb.com\/sv\/\">Headweb <\/a><\/li>\n<\/ul>\n<\/div>\n<div id=\"lankar\" style=\"float: left;\">\n<div style=\"width: 200px; background-color: #f0f0f0; padding-left: 5px; margin-right: 5px; border-bottom: 2px solid black;\"><strong>S\u00f6k<\/strong><\/div>\n<ul>\n<li><a href=\"http:\/\/www.google.se\" target=\"_blank\" rel=\"noopener noreferrer\">Google<\/a><\/li>\n<li><a href=\"http:\/\/www.hitta.se\" target=\"_blank\" rel=\"noopener noreferrer\">Hitta<\/a><\/li>\n<li><a href=\"http:\/\/www.eniro.se\" target=\"_blank\" rel=\"noopener noreferrer\">Eniro<\/a><\/li>\n<li><a href=\"http:\/\/www.yahoo.com\" target=\"_blank\" rel=\"noopener noreferrer\">Yahoo<\/a><\/li>\n<li><a href=\"http:\/\/search.msn.se\" target=\"_blank\" rel=\"noopener noreferrer\">MSN s\u00f6k<\/a><\/li>\n<\/ul>\n<div style=\"width: 200px; background-color: #f0f0f0; padding-left: 5px; margin-right: 5px; border-bottom: 2px solid black;\"><strong>K\u00f6p och s\u00e4lj<\/strong><\/div>\n<ul>\n<li><a href=\"http:\/\/www.blocket.se\" target=\"_blank\" rel=\"noopener noreferrer\">Blocket<\/a><\/li>\n<li><a href=\"http:\/\/www.koll.se\" target=\"_blank\" rel=\"noopener noreferrer\">Koll<\/a><\/li>\n<li><a href=\"http:\/\/www.tradera.com\" target=\"_blank\" rel=\"noopener noreferrer\">Tradera<\/a><\/li>\n<li><a href=\"http:\/\/www.allaannonser.se\" target=\"_blank\" rel=\"noopener noreferrer\">Alla annonser<\/a><\/li>\n<\/ul>\n<div style=\"width: 200px; background-color: #f0f0f0; padding-left: 5px; margin-right: 5px; border-bottom: 2px solid black;\"><strong>Uppslagsverk <\/strong><\/div>\n<ul>\n<li><a href=\"http:\/\/sv.wikipedia.org\/wiki\/Portal:Huvudsida\" target=\"_blank\" rel=\"noopener noreferrer\">Wikipedia<\/a><\/li>\n<li><a href=\"http:\/\/sv.wikipedia.org\/wiki\/Wiktionary\" target=\"_blank\" rel=\"noopener noreferrer\">Wiktionary<\/a><\/li>\n<li><a href=\"http:\/\/lexin2.nada.kth.se\/sve-eng.html\" target=\"_blank\" rel=\"noopener noreferrer\">Sve-Eng ordlista<\/a><\/li>\n<li><a href=\"http:\/\/www.ne.se\/\" target=\"_blank\" rel=\"noopener noreferrer\">Nationalencyklopedin<\/a><\/li>\n<li><a href=\"http:\/\/www.britannica.com\/\" target=\"_blank\" rel=\"noopener noreferrer\">Britannica Encyclopedia<\/a><\/li>\n<li><a href=\"http:\/\/www.referensboken.com\/spraklex.htm\" target=\"_blank\" rel=\"noopener noreferrer\">Diverse lexikon<\/a><\/li>\n<li><a href=\"http:\/\/hem.passagen.se\/serbiska\/svenska_sproket.html\" target=\"_blank\" rel=\"noopener noreferrer\">Spr\u00e5k och lexikon<\/a><\/li>\n<\/ul>\n<div style=\"width: 200px; background-color: #f0f0f0; padding-left: 5px; margin-right: 5px; border-bottom: 2px solid black;\"><strong>Myndigheter <\/strong><\/div>\n<ul>\n<li><a href=\"http:\/\/www.sverige.se\" target=\"_blank\" rel=\"noopener noreferrer\">Sverige<\/a><\/li>\n<li><a href=\"http:\/\/www.skatteverket.se\" target=\"_blank\" rel=\"noopener noreferrer\">Skatteverket<\/a><\/li>\n<li><a href=\"http:\/\/www.forsakringskassan.se\" target=\"_blank\" rel=\"noopener noreferrer\">F\u00f6rs\u00e4kringskassan<\/a><\/li>\n<\/ul>\n<div style=\"background-color: #f0f0f0; padding-left: 5px; margin-right: 10px; border-bottom: 2px solid black;\"><strong> Presenttips <\/strong><\/div>\n<ul>\n<li><a href=\"http:\/\/www.diakonia.se\/gavoshop\" target=\"_blank\" rel=\"noopener noreferrer\">Diakonia g\u00e5voshop<\/a><\/li>\n<li><a href=\"http:\/\/unicef.se\/gavoshop\" target=\"_blank\" rel=\"noopener noreferrer\">Unicef g\u00e5voshop<\/a><\/li>\n<li><a href=\"http:\/\/www.redcross.se\/stod-oss\/ge-bort-eller-kop-nagot-meningsfullt\/\" target=\"_blank\" rel=\"noopener noreferrer\">R\u00f6da korset<\/a><\/li>\n<li><a href=\"http:\/\/www.viskogen.se\/stod-oss\/\" target=\"_blank\" rel=\"noopener noreferrer\">Vi-skogen<\/a><\/li>\n<li><a href=\"http:\/\/www.weeffect.se\/ge-en-gava\/\" target=\"_blank\" rel=\"noopener noreferrer\">We Effect<\/a><\/li>\n<\/ul>\n<\/div>\n<div id=\"lankar\" style=\"float: left;\">\n<div style=\"width: 200px; background-color: #f0f0f0; padding-left: 5px; margin-right: 5px; border-bottom: 2px solid black;\"><strong>Spr\u00e5k<\/strong><\/div>\n<ul>\n<li><a href=\"http:\/\/www.saob.se\/\" target=\"_blank\" rel=\"noopener noreferrer\">Svenska Akademins ordbok<\/a><\/li>\n<li><a href=\"http:\/\/www.skrivihop.nu\/\" target=\"_blank\" rel=\"noopener noreferrer\">Skrivihop.nu<\/a><\/li>\n<\/ul>\n<div style=\"width: 200px; background-color: #f0f0f0; padding-left: 5px; margin-right: 5px; border-bottom: 2px solid black;\"><strong>Resa<\/strong><\/div>\n<ul>\n<li><a href=\"http:\/\/www.tabussen.nu\/\" target=\"_blank\" rel=\"noopener noreferrer\">Buss i Ume\u00e5<\/a><\/li>\n<li><a href=\"https:\/\/www.sas.se\/\" target=\"_blank\" rel=\"noopener noreferrer\">SAS<\/a><\/li>\n<li><a href=\"https:\/\/www.norwegian.se\/\" target=\"_blank\" rel=\"noopener noreferrer\">Norwegian<\/a><\/li>\n<li><a href=\"https:\/\/www.flygbra.se\/\" target=\"_blank\" rel=\"noopener noreferrer\">BRA Flyg<\/a><\/li>\n<li><a href=\"http:\/\/www.ticnet.se\/\" target=\"_blank\" rel=\"noopener noreferrer\">Ticnet<\/a><\/li>\n<\/ul>\n<div style=\"width: 200px; background-color: #f0f0f0; padding-left: 5px; margin-right: 5px; border-bottom: 2px solid black;\"><strong>\u00d6vrigt<\/strong><\/div>\n<ul>\n<li><a href=\"http:\/\/www.testfakta.se\/\" target=\"_blank\" rel=\"noopener noreferrer\">Testfakta<\/a><\/li>\n<li><a href=\"http:\/\/www.radron.se\" target=\"_blank\" rel=\"noopener noreferrer\">R\u00e5d och R\u00f6n<\/a><\/li>\n<li><a href=\"http:\/\/www.karinalfredsson.se\/\" target=\"_blank\" rel=\"noopener noreferrer\">Karin Alfredsson<\/a><\/li>\n<li><a href=\"http:\/\/www.seved.net\/\" target=\"_blank\" rel=\"noopener noreferrer\">Seved<\/a><\/li>\n<li><a href=\"http:\/\/www.umea.se\" target=\"_blank\" rel=\"noopener noreferrer\">Ume\u00e5<\/a><\/li>\n<li><a href=\"http:\/\/www.visitumea.se\" target=\"_blank\" rel=\"noopener noreferrer\">Visit Ume\u00e5<\/a><\/li>\n<li><a href=\"http:\/\/superwoman.blogg.se\/\" target=\"_blank\" rel=\"noopener noreferrer\">Superwoman<\/a><\/li>\n<li><a href=\"http:\/\/saraspyssel.blogspot.com\/\" target=\"_blank\" rel=\"noopener noreferrer\">Saras pyssel<\/a><\/li>\n<li><a href=\"http:\/\/www.duvander.nu\/\" target=\"_blank\" rel=\"noopener noreferrer\">Duvander.nu<\/a><\/li>\n<li><a href=\"http:\/\/thereifixedit.failblog.org\/\" target=\"_blank\" rel=\"noopener noreferrer\">There I fixed it!<\/a><\/li>\n<li><a href=\"http:\/\/www.skrattnet.se\/\" target=\"_blank\" rel=\"noopener noreferrer\">Skrattnet<\/a><\/li>\n<li><a href=\"http:\/\/www.hemnet.se\/\" target=\"_blank\" rel=\"noopener noreferrer\">Hemnet<\/a><\/li>\n<li><a href=\"http:\/\/www.booli.se\/\" target=\"_blank\" rel=\"noopener noreferrer\">Booli<\/a><\/li>\n<li><a href=\"http:\/\/www.engrish.com\/\" target=\"_blank\" rel=\"noopener noreferrer\">Engrish<\/a><\/li>\n<li><a href=\"http:\/\/www.hedlundakyrkan.se\" target=\"_blank\" rel=\"noopener noreferrer\">Hedlundakyrkan<\/a><\/li>\n<li><a href=\"http:\/\/www.vastbolandet.org\" target=\"_blank\" rel=\"noopener noreferrer\">V\u00e4stbolandet<\/a><\/li>\n<\/ul>\n<\/div>\n","protected":false},"excerpt":{"rendered":"<p>Dagstidningar Norrbottens Kuriren NSD V\u00e4sterbottens Kuriren V\u00e4sterbottens Folkblad Aftonbladet Expressen Dagens Nyheter Svenska Dagbladet Sydsvenskan Radio och TV P\u00e5 TV just nu Dagens TV Sveriges Radio Sveriges Television SVT Play TV3 Play TV4 Play Kanal 5 TV6 Play TV8 Play Kanal 9 Play Film 2 Home SF anytime Headweb S\u00f6k Google Hitta Eniro Yahoo MSN [&hellip;]<\/p>\n","protected":false},"author":1,"featured_media":0,"parent":0,"menu_order":0,"comment_status":"closed","ping_status":"closed","template":"template-fullwidth.php","meta":{"footnotes":""},"class_list":["post-523","page","type-page","status-publish","hentry"],"_links":{"self":[{"href":"https:\/\/www.sehlberg.net\/ulla-undrar\/wp-json\/wp\/v2\/pages\/523","targetHints":{"allow":["GET"]}}],"collection":[{"href":"https:\/\/www.sehlberg.net\/ulla-undrar\/wp-json\/wp\/v2\/pages"}],"about":[{"href":"https:\/\/www.sehlberg.net\/ulla-undrar\/wp-json\/wp\/v2\/types\/page"}],"author":[{"embeddable":true,"href":"https:\/\/www.sehlberg.net\/ulla-undrar\/wp-json\/wp\/v2\/users\/1"}],"replies":[{"embeddable":true,"href":"https:\/\/www.sehlberg.net\/ulla-undrar\/wp-json\/wp\/v2\/comments?post=523"}],"version-history":[{"count":4,"href":"https:\/\/www.sehlberg.net\/ulla-undrar\/wp-json\/wp\/v2\/pages\/523\/revisions"}],"predecessor-version":[{"id":527,"href":"https:\/\/www.sehlberg.net\/ulla-undrar\/wp-json\/wp\/v2\/pages\/523\/revisions\/527"}],"wp:attachment":[{"href":"https:\/\/www.sehlberg.net\/ulla-undrar\/wp-json\/wp\/v2\/media?parent=523"}],"curies":[{"name":"wp","href":"https:\/\/api.w.org\/{rel}","templated":true}]}}