{"id":1291,"date":"2022-01-29T14:47:27","date_gmt":"2022-01-29T13:47:27","guid":{"rendered":"https:\/\/www.sehlberg.net\/ulla-undrar\/?page_id=1291"},"modified":"2022-01-29T14:47:27","modified_gmt":"2022-01-29T13:47:27","slug":"aven-det-dolda-ska-uppdagas","status":"publish","type":"page","link":"https:\/\/www.sehlberg.net\/ulla-undrar\/aven-det-dolda-ska-uppdagas\/","title":{"rendered":"\u00c4ven det dolda ska uppdagas"},"content":{"rendered":"\n<p>H\u00e4r kommer hela boken som pdf s\u00e5 du kan ladda ner den. Skriv g\u00e4rna en kommentar i min blogg eller p\u00e5 Facebook vad du tycker om boken.<\/p>\n\n\n\n<p>Jag \u00e4r s\u00e5 nyfiken att h\u00f6ra dina synpunkter.<\/p>\n\n\n\n<div class=\"wp-block-file\"><a href=\"https:\/\/www.sehlberg.net\/ulla-undrar\/wp-content\/uploads\/2022\/01\/aven-det-dolda-ska-uppdagas.pdf\">\u00c4ven det dolda ska uppdagas<\/a><a href=\"https:\/\/www.sehlberg.net\/ulla-undrar\/wp-content\/uploads\/2022\/01\/aven-det-dolda-ska-uppdagas.pdf\" class=\"wp-block-file__button\" download>Ladda ner<\/a><\/div>\n\n\n\n<p><\/p>\n","protected":false},"excerpt":{"rendered":"<p>H\u00e4r kommer hela boken som pdf s\u00e5 du kan ladda ner den. Skriv g\u00e4rna en kommentar i min blogg eller p\u00e5 Facebook vad du tycker om boken. Jag \u00e4r s\u00e5 nyfiken att h\u00f6ra dina synpunkter.<\/p>\n","protected":false},"author":2,"featured_media":0,"parent":0,"menu_order":0,"comment_status":"closed","ping_status":"closed","template":"","meta":{"footnotes":""},"class_list":["post-1291","page","type-page","status-publish","hentry"],"_links":{"self":[{"href":"https:\/\/www.sehlberg.net\/ulla-undrar\/wp-json\/wp\/v2\/pages\/1291","targetHints":{"allow":["GET"]}}],"collection":[{"href":"https:\/\/www.sehlberg.net\/ulla-undrar\/wp-json\/wp\/v2\/pages"}],"about":[{"href":"https:\/\/www.sehlberg.net\/ulla-undrar\/wp-json\/wp\/v2\/types\/page"}],"author":[{"embeddable":true,"href":"https:\/\/www.sehlberg.net\/ulla-undrar\/wp-json\/wp\/v2\/users\/2"}],"replies":[{"embeddable":true,"href":"https:\/\/www.sehlberg.net\/ulla-undrar\/wp-json\/wp\/v2\/comments?post=1291"}],"version-history":[{"count":2,"href":"https:\/\/www.sehlberg.net\/ulla-undrar\/wp-json\/wp\/v2\/pages\/1291\/revisions"}],"predecessor-version":[{"id":1296,"href":"https:\/\/www.sehlberg.net\/ulla-undrar\/wp-json\/wp\/v2\/pages\/1291\/revisions\/1296"}],"wp:attachment":[{"href":"https:\/\/www.sehlberg.net\/ulla-undrar\/wp-json\/wp\/v2\/media?parent=1291"}],"curies":[{"name":"wp","href":"https:\/\/api.w.org\/{rel}","templated":true}]}}

Även det dolda ska uppdagas

<p>Här kommer hela boken som pdf så du kan ladda ner den. Skriv gärna en kommentar i min blogg eller på Facebook vad du tycker om boken.</p>



<p>Jag är så nyfiken att höra dina synpunkter.</p>



<div class="wp-block-file"><a href="https://www.sehlberg.net/ulla-undrar/wp-content/uploads/2022/01/aven-det-dolda-ska-uppdagas.pdf">Även det dolda ska uppdagas</a><a href="https://www.sehlberg.net/ulla-undrar/wp-content/uploads/2022/01/aven-det-dolda-ska-uppdagas.pdf" class="wp-block-file__button" download>Ladda ner</a></div>



<p></p>

<p>Här kommer hela boken som pdf så du kan ladda ner den. Skriv gärna en kommentar i min blogg eller på Facebook vad du tycker om boken. Jag är så nyfiken att höra dina synpunkter.</p>
